8491?
11
What is the highest common divisor of 108 and 684?
36
Calculate the greatest common divisor of 10160 and 762.
254
What is the greatest common factor of 238 and 1652?
14
Calculate the greatest common factor of 1792 and 784.
112
What is the highest common factor of 301 and 14?
7
Calculate the highest common factor of 6633 and 1407.
201
What is the highest common factor of 408 and 221?
17
What is the highest common factor of 146 and 3942?
146
Calculate the highest common factor of 1896 and 1185.
237
Calculate the greatest common factor of 24 and 9948.
12
Calculate the highest common factor of 130 and 2.
2
What is the highest common divisor of 88 and 16?
8
Calculate the greatest common divisor of 36 and 12942.
18
What is the greatest common factor of 42 and 9429?
21
What is the highest common divisor of 176 and 429?
11
What is the greatest common divisor of 109 and 3379?
109
What is the greatest common divisor of 14 and 7?
7
Calculate the highest common factor of 336 and 176.
16
What is the greatest common divisor of 8290 and 50?
10
Calculate the greatest common divisor of 6254 and 106.
106
What is the greatest common factor of 880 and 1360?
80
Calculate the greatest common factor of 110 and 1595.
55
Calculate the greatest common factor of 32 and 452.
4
What is the greatest common factor of 93 and 24?
3
Calculate the highest common divisor of 2173 and 82.
41
What is the greatest common factor of 5964 and 336?
84
What is the highest common divisor of 114 and 20406?
114
What is the greatest common factor of 36 and 3342?
6
Calculate the greatest common factor of 265 and 20.
5
Calculate the greatest common divisor of 94 and 45919.
47
Calculate the highest common factor of 10 and 29160.
10
What is the highest common factor of 4680 and 405?
45
Calculate the greatest common divisor of 770 and 175.
35
What is the greatest common factor of 31780 and 140?
140
What is the highest common factor of 343 and 441?
49
Calculate the highest common divisor of 361 and 1007.
19
What is the highest common factor of 42 and 2688?
42
Calculate the greatest common factor of 630 and 6804.
126
Calculate the highest common factor of 25 and 30.
5
Calculate the greatest common divisor of 52437 and 231.
231
Calculate the greatest common divisor of 1211 and 28.
7
Calculate the highest common divisor of 2294 and 124.
62
What is the greatest common divisor of 920 and 115?
115
Calculate the greatest common divisor of 35 and 245.
35
What is the greatest common factor of 78 and 1326?
78
What is the greatest common factor of 363 and 165?
33
What is the highest common divisor of 5448 and 24?
24
Calculate the greatest common factor of 125 and 100.
25
What is the highest common factor of 212 and 4?
4
What is the highest common divisor of 69 and 5221?
23
Calculate the greatest common divisor of 5432 and 168.
56
What is the highest common divisor of 94 and 235?
47
Calculate the greatest common factor of 57 and 4598.
19
Calculate the highest common divisor of 26 and 3874.
26
What is the highest common factor of 25443 and 99?
99
What is the greatest common factor of 216 and 544?
8
Calculate the highest common divisor of 1178 and 684.
38
Calculate the greatest common factor of 7 and 40061.
7
Calculate the highest common divisor of 31228 and 592.
148
What is the highest common factor of 37465 and 127?
127
What is the highest common factor of 360 and 1737?
9
What is the highest common divisor of 4 and 4?
4
Calculate the highest common divisor of 43 and 49.
1
Calculate the greatest common divisor of 15 and 57.
3
Calculate the highest common divisor of 177 and 14101.
59
Calculate the highest common divisor of 183 and 21.
3
Calculate the highest common factor of 1564 and 92.
92
Calculate the greatest common divisor of 70 and 310.
10
Calculate the highest common factor of 23 and 5336.
23
What is the highest common factor of 432 and 96?
48
Calculate the greatest common divisor of 31373 and 458.
229
Calculate the highest common divisor of 40 and 296.
8
What is the greatest common factor of 319 and 55?
11
Calculate the greatest common divisor of 41 and 287.
41
Calculate the greatest common divisor of 3475 and 25.
25
What is the greatest common divisor of 627 and 561?
33
What is the highest common divisor of 1128 and 132?
12
Calculate the highest common factor of 60 and 4770.
30
Calculate the greatest common divisor of 8 and 268.
4
What is the greatest common factor of 33 and 407?
11
Calculate the highest common divisor of 30 and 48.
6
What is the greatest common factor of 152 and 8?
8
Calculate the greatest common factor of 85 and 95.
5
Calculate the highest common divisor of 33 and 9790.
11
Calculate the highest common factor of 330 and 3993.
33
What is the greatest common factor of 8 and 7288?
8
Calculate the highest common divisor of 481 and 407.
37
Calculate the greatest common factor of 828 and 192.
12
Calculate the greatest common divisor of 6 and 32.
2
Calculate the greatest common divisor of 108 and 288.
36
What is the greatest common factor of 130 and 3835?
65
What is the highest common factor of 7911 and 27?
27
Calculate the highest common divisor of 144 and 336.
48
What is the greatest common divisor of 40 and 2680?
40
What is the highest common factor of 2048 and 32?
32
Calculate the highest common divisor of 1716 and 715.
143
Calculate the greatest common factor of 96 and 64.
32
What is the greatest common factor of 40 and 17180?
20
What is the greatest common divisor of 26 and 962?
26
Calculate the greatest common divisor of 15732 and 96.
12
Calculate the greatest common factor of 67 and 1273.
67
What is the highest common divisor of 1274 and 10738?
182
Calculate the greatest common divisor of 836 and 132.
44
What is the greatest common divisor of 1456 and 32?
16
Calculate the greatest common factor of 113 and 1808.
113
What is the highest common divisor of 4075 and 125?
25
Calculate the greatest common factor of 2960 and 10.
10
Calculate the highest common factor of 19197 and 948.
237
Calculate the greatest common factor of 25 and 175.
25
Calculate the highest common factor of 3 and 404.
1
What is the highest common divisor of 52 and 299?
13
Calculate the highest common factor of 168 and 224.
56
Calculate the highest common factor of 4 and 236.
4
Calculate the greatest common factor of 7 and 581.
7
What is the highest common factor of 282 and 4982?
94
What is the highest common factor of 589 and 703?
19
What is the highest common divisor of 159 and 15?
3
What is the highest common factor of 483 and 336?
21
Calculate the greatest common factor of 285 and 190.
95
Calculate the highest common factor of 234 and 91.
13
Calculate the greatest common factor of 2553 and 555.
111
Calculate the greatest common factor of 6086 and 34.
34
What is the highest common divisor of 16 and 1936?
16
What is the greatest common divisor of 711 and 158?
79
What is the greatest common factor of 13 and 1417?
13
Calculate the highest common divisor of 64 and 32.
32
What is the greatest common divisor of 133 and 361?
19
What is the highest common divisor of 70 and 630?
70
What is the greatest common divisor of 7 and 287?
7
What is the greatest common divisor of 60 and 42420?
60
Calculate the greatest common factor of 1072 and 737.
67
Calculate the greatest common divisor of 646 and 1102.
38
Calculate the highest common divisor of 45 and 804.
3
What is the highest common factor of 99 and 1177?
11
What is the highest common factor of 52 and 32?
4
What is the highest common divisor of 19 and 20197?
19
Calculate the highest common factor of 60 and 1290.
30
Calculate the greatest common divisor of 1360 and 289.
17
Calculate the highest common divisor of 836 and 759.
11
What is the greatest common divisor of 18 and 1602?
18
What is the greatest common factor of 115 and 46?
23
What is the greatest common divisor of 90959 and 11?
11
What is the greatest common divisor of 246 and 369?
123
What is the highest common factor of 403 and 31?
31
What is the highest common divisor of 375 and 15?
15
Calculate the greatest common factor of 121 and 814.
11
Calculate the greatest common divisor of 46 and 446.
2
Calculate the greatest common factor of 330 and 6.
6
Calculate the greatest common factor of 156 and 2652.
156
